*t. Is d a prime number?
False
Let h = 16983 + -260. Suppose 2*i + 3*v - h = 1875, 4*i - 4*v - 37236 = 0. Suppose 3*r = 8*r - i. Is r a composite number?
False
Suppose 4*a - 748190 = 4*j - 293382, -4*a = 4*j - 454848. Is a a prime number?
False
Suppose -j - 3*h - 4 = 0, -14 + 5 = 4*j + 5*h. Is 82252/16*(j - -5) a prime number?
True
Suppose -3*d + 2*h = -3997127 - 711014, -3*d = 2*h - 4708133. Is d prime?
False
Let s(p) = 132*p**2 - 22*p - 8. Let u be s(12). Suppose b - u = -5*v, 0*v - 3*v - 5*b + 11246 = 0. Suppose -76*d = -73*d - v. Is d a prime number?
True
Let u(n) = -n**3 - 26*n**2 + 54*n - 64. Let p be u(-28). Let c(j) = 170*j - 14. Let m(b) = -169*b + 13. Let s(a) = 4*c(a) + 5*m(a). Is s(p) a composite number?
True
Let d(z) be the third derivative of 0*z - 6*z**2 + 1/2*z**3 + 0 - 1/12*z**4 + 0*z**5 + 1/12*z**6. Is d(4) a prime number?
False
Is (-16)/4 + (11/(-44))/((-4)/7895216) composite?
False
Suppose 5*c = 5*p, -2*p - 2*p = -8. Let a(t) = 9*t + 11 + 0*t**3 - 6*t + 7*t**2 + t**3 + c*t**2. Is a(-8) a prime number?
False
Let u(v) be the first derivative of -v**2 - 9*v - 7. Let x be u(-7). Is x - 7 - (-242)/2 prime?
False
Let c be (-934)/(-4)*(55 - (-1 + 6)). Let g = c + -7888. Is g a prime number?
False
Is -24958*((-75)/350 - 8/28) composite?
False
Let c be (-2)/6 - (-100)/12. Let x be (18/c)/(36/(-96)). Let g(r) = 10*r**2 + 4*r - 13. Is g(x) a composite number?
True
Let d(c) = 3*c**3 - 5*c**2 + 5*c - 2. Let o be d(2). Suppose o*s + 5 = 29. Suppose 6*y + 831 = 5*t + 2*y, -s*t + 314 = 3*y. Is t composite?
False
Let s(c) be the second derivative of 42865*c**4/12 - 11*c**3/3 + 11*c**2 - 262*c. Is s(1) prime?
False
Let p(w) = -w**2 + 12*w - 10. Let t be p(11). Let r be (t + -1 - 6)/(36/24). Is (40*r - -3)*1/(-1) a prime number?
True
Suppose -679 = 3*d - y, -y - 15 = 2*y. Let a = 556 + d. Let r = 6 + a. Is r composite?
True
Let a(f) = 38*f**2 + 72*f - 3. Is a(-58) a composite number?
False
Suppose 3*w - 2*k - 64 = 0, 0 = -5*w + 10*w - 4*k - 108. Suppose -3*t - t = -w, -2*t - 4001 = -3*x. Is x a prime number?
False
Suppose -315*o = 79*o - 95423254. Is o a composite number?
True
Suppose 4*n + 19*b - 889003 = 16*b, 4*n - b - 888983 = 0. Is n composite?
False
Let i(k) = 57*k**2 + 3*k - 1. Let f = -54 + 53. Let s = 3 + f. Is i(s) a composite number?
False
Suppose -43*k = -34*k - 869787. Is k composite?
False
Suppose 438 = -7*w - 682. Let x = 556 + w. Let r = x - 213. Is r composite?
True
Let k(s) = -s**3 - 9*s**2 + 7*s - 17. Let c be k(-10). Let q(z) = 259*z - 6. Let b be q(c). Let y = -860 + b. Is y a composite number?
True
Suppose -42 = x - 4*z, 5*x + 281 = -3*z + 25. Let i = -52 - x. Is (-6285)/(-39) + i/13 a composite number?
True
Suppose 4*r + 4*n = 28, 3*r = 4*n - 8 + 36. Suppose -898 = -2*b + b. Suppose b + 9046 = r*z. Is z prime?
False
Suppose -2*x - 2574 = -3*p, -p + 5*p + 5*x - 3409 = 0. Let n be (-4)/(-10) - 4041/15. Let i = p + n. Is i a prime number?
True
Let j(d) = -7229*d + 4761. Is j(-14) composite?
False
Suppose 0 = -j - 4*j + 90. Suppose 3*c - u - 7 = 0, -u + 4*u = -4*c + j. Suppose -485 = c*b - 8*b. Is b a prime number?
True
Let r be ((-9)/3)/(-3) - (-6)/2. Suppose 2*c + c - 21648 = 0. Suppose c = 4*b + r*n, -5*b + 2*n = -934 - 8051. Is b a prime number?
False
Let l be (9/12 - (-9)/(-12)) + 15659. Suppose x - 8*x + l = 0. Is x prime?
True
Suppose 0 = 9*o + 291 - 804. Let c = -52 + o. Is 253 + 1 - (-2 + c) a prime number?
True
Let f be (7 + (-68133)/(-9))*3. Suppose -i + f - 5041 = 0. Is i a composite number?
True
Let d be (-8)/(-3) + 54/(-81). Suppose d*i - 1385 = 4421. Is i composite?
False
Let c(j) = j**3 - 10*j**2 - 24*j - 6. Let r(m) = 8*m**2 + 3*m + 1. Let p be r(1). Let x be c(p). Is x/(-51) - (-27426)/102 composite?
False
Let q(s) = -6468*s - 5405. Is q(-34) a prime number?
True
Suppose -11*a = 11*a - 121308. Let o = 7241 + a. Is o prime?
False
Let k be (-4)/(112/(-3620309)) - 3/4. Suppose 91*u - 75*u = k. Is u composite?
False
Let g = 77 + 159. Let a be 6*-241*2/(-4). Let v = a - g. Is v prime?
True
Let h = -1094 + 1097. Let q(n) = 27*n - 3. Let z(v) = -14*v + 1. Let j(m) = -2*q(m) - 5*z(m). Is j(h) a prime number?
False
Let q be (1 - (-35476)/(-10)) + (-33)/(-55). Let t = 6063 + q. Is t a composite number?
True
Let k be (-10)/2 + 5 - (-4 + 1). Suppose -29 + 44 = k*j. Suppose -4*o + 5*i + 5255 = 0, -j*o - 5*i = -2*o - 3950. Is o a prime number?
False
Suppose 0 = 62*h - 65*h - 5*a + 908022, -3*h + 4*a = -907995. Is h a prime number?
False
Suppose 5*c + 2*p - 478093 = 0, 2*c - 60017 = -2*p + 131219. Is c a prime number?
False
Suppose -u + 3781 + 18049 = 0. Suppose 7*m - i = 3*m + u, 8 = 4*i. Is m composite?
True
Let v = 125 + -117. Suppose v*a + u = 5*a + 5008, -8350 = -5*a - 5*u. Is a prime?
True
Let h(c) = -11*c**3 + 2*c**2 - 1. Let r = -51 - -52. Let o be h(r). Is ((-84)/o)/(6/15 + 0) prime?
False
Suppose -9349*z + 939216 = -9301*z. Is z a prime number?
False
Is (-19114514)/685*(-10)/4 prime?
True
Suppose 0 = 5*f - j + 2153, 5*j - 6*j = -2*f - 863. Let t = 825 + f. Let i = -274 + t. Is i composite?
True
Suppose -18*q = q - 636234. Let r = 48077 - q. Is r a composite number?
False
Is 17 + -9 - 6/2 - -28554 prime?
True
Let d(m) = -651*m**3 + 4*m**2 + 6*m - 2. Let x be d(-2). Let p = 2 - -1. Suppose -2*r - p*r + x = 0. Is r prime?
False
Let q(n) = 865*n**3 + 4*n**2 + 8*n + 18. Let c be q(-4). Is c/(5/(20/(-8))) a prime number?
False
Suppose 3*i - 15163 = -2*d, 0 = 3*i - 7*d - 9588 - 5557. Is i prime?
False
Let k = 6 + -6. Let r(h) = -3*h**2 + 13*h - 1. Let u be r(4). Suppose u*g = -6*v + 2*v + 107, 5*g + 5*v - 175 = k. Is g a composite number?
True
Suppose -5*s = 3*t - 300757 - 606717, 2*t - s = 604961. Is t a composite number?
False
Let k be (3/(-5))/(6/(-3330)*3). Let b = k + -87. Is 12/b - (2 - 1298/4) a prime number?
False
Suppose 0 = 540*n - 534*n - 24. Suppose 0 = -n*i + c + 49774, -4*i = -4*c + 6*c - 49768. Is i a prime number?
False
Let j(l) = -42*l**3 + 1. Suppose 0 = -x - b, 4*x + b - 4 = -b. Suppose c = 5*u + 6, -x*u + 3*c = -3*u - 14. Is j(u) composite?
False
Let v(f) = -2*f**3 + 4*f**2 + 4*f + 8. Let l be v(-9). Let j(y) = 147 - 74 - 3*y - 76 + l*y**2. Is j(-1) prime?
False
Is (10 - (-250924)/(-16))*16/(-12) prime?
True
Is (3/2)/(744/22978192) composite?
False
Let n = 100 + -36. Suppose n*y - 61*y = 2652. Let g = y + -503. Is g a composite number?
True
Suppose 9*o - 2*o = 3297. Let d = o - 176. Is d prime?
False
Let p = -395 + 395. Suppose -18*j - 1540 + 7498 = p. Is j a prime number?
True
Let o = -2569 + 550. Let c = 3676 + o. Is c a composite number?
False
Let p(j) = -26*j**3 + 29*j**2 + 159*j - 88. Is p(-14) a composite number?
True
Suppose 0 = 3*i + g - 3302388, 4403176 = 4*i - 374*g + 378*g. Is i prime?
True
Let p = -459 + 1452. Suppose -35*t - p = -38*t. Is t prime?
True
Let x = -915 + 1394. Suppose 4*y - x = -91. Is y a composite number?
False
Is 6 + 5619 + 112/14 + -10 composite?
False
Is 23649 + -7*(-2 + 10)/((-7)/1) a prime number?
False
Suppose 0 = -5*m + 3*m + 4. Suppose m*s + 7 = 5*b, -s + 4*b - 8 = s. Is 548 - (-5)/(-10)*s a composite number?
True
Let q = 4 - 1. Suppose 17 = -g + 4*w, 4*g + 32 = -20*w + 18*w. Is (-1 - g/q) + 1 composite?
False
Let i(z) = -9*z + 273. Let o be i(-6). Suppose -2*g + 5*c + 5343 - o = 0, -3*c + 10006 = 4*g. Is g a composite number?
False
Let q be (-4)/(-16) - 3482433/(-12). Suppose 0*o = -29*o + q. Is o composite?
False
Suppose -19 = -3*v - 25, 2*v = -i + 16543. Is i composite?
False
Let a = 327 - 322. Suppose -a*f = 2*p - 33665, -f + 4*p - 2698 = -9431. Is f composite?
False
Let k = 408 + -124. Suppose 0 = -289*t + k*t + 705. Is t a composite number?
True
Let a = -146931 - -221805. Suppose 11324 = 14*x - a. Is x a composite number?
True
Let y(h) = -5*h**3 - 2*h**2 + 6*h + 25. Let m be y(-4). Suppose m + 24 = 4*r - 5*k, 4*k = 2*r - 158. Is r a prime number?
False
Let g(r) be the first derivative of -13*r**2 + 5*r - 5. Is g(-3) prime?
True
Let n be 1248/676 - (48/26 + -2). Suppose -34*a - 34922 = -n*d - 31*a, 0 = 4*d - 2*a - 69860. Is d prime?
True
Let y = 238342 - -326449. Is y composite?
True
Suppose 4834*s - 4842*s + 1270936 = 0. Is s prime?
True
Is (-1)/(-3)*-2 + (-35438763)/(-531) a prime number?
True
Let t = 69 + -66. Suppose 0 = 2*h + 2*r - 96, -3*h + t*r +